(8). Suppose 0 = 2*b + 3*b - c. Is (136/10)/(4/b) a composite number?
True
Let v be 5*2/(-8)*-4. Suppose -4*h - 136 - 92 = -4*c, -v*c + 313 = 2*h. Let w = c + 162. Is w a composite number?
False
Suppose -9 = -4*w + 91. Suppose -w*m = -19*m - 198. Is m a composite number?
True
Let o(t) = 945*t**2 - 2*t - 2. Let l be o(-2). Let n = 126 - 126. Suppose n = i + 5*g - 1234, -3*g + l = 3*i - 4*g. Is i a prime number?
True
Let l(g) = -208*g - 7. Let s be l(-3). Let h = s + 14. Is h composite?
False
Let v = 2028 + -1054. Suppose -4*a + v = 3*k - 241, 5*k - 5*a - 2060 = 0. Is k prime?
True
Suppose 0 = 5*q + 3*a + 1 - 18, -5*q = 5*a - 15. Let l be (15/(-2))/((-3)/q). Suppose 5*j - 200 = 5*s, j + l - 53 = 4*s. Is j composite?
True
Suppose -14 = -4*n + 6. Is (-7812)/(-35) + (-1)/n prime?
True
Let f(y) be the second derivative of y**5/10 - 5*y**4/6 - 14*y**3/3 - y**2/2 - 3*y - 9. Is f(9) a prime number?
False
Let h be 210/(-8)*(-448)/24. Let a = 1401 - h. Is a prime?
True
Let w(t) = 3*t - 7. Let f be w(4). Let p(r) = r - f*r + 6 - 7*r - r**2 - 3*r. Is p(-7) a prime number?
False
Suppose m = -3*o + 14765, -4*m + 21248 = -4*o - 37876. Is m a prime number?
False
Suppose -92*p = -88*p - 9032. Is p a prime number?
False
Let l be (-4568)/14 + 38/133. Let q = l + 579. Is q composite?
True
Let h = -49 + 53. Suppose -5 = q + 5*r + h, q = -2*r. Is q a prime number?
False
Suppose 5*x - 5 = 5*w - 40, -8 = -2*w - x. Suppose 2*g + 2*o = -o + 7963, g - 3964 = -w*o. Is g prime?
True
Let u(b) = 11*b + 2*b**3 + 1 + 7 + 17*b**2 + 2*b**3 - 3*b**3. Is u(-13) a prime number?
True
Let a be 3 + 0 - 0/4. Suppose -3*c - 9 = a. Let x(b) = 12*b**2 - 1. Is x(c) prime?
True
Suppose 0 = 2*x + 7 - 11. Suppose -x*v = 5*v - 791. Is v a prime number?
True
Let v(h) = -38*h**3 + 4*h**2 + 4*h + 6. Let i be v(4). Let s = -1207 - i. Is s composite?
True
Let n be (2 + -3 + 16)/1. Let x be n/10*(-14)/(-3). Let q(m) = 6*m**2 - 6*m + 5. Is q(x) composite?
False
Let x(c) = c**2 - 4*c - 5. Let l be x(5). Let u(f) = f**3 - 6. Let j be u(l). Is ((-106)/j)/(4/12) prime?
True
Let n be (-3)/(9/(-12)) - -28. Suppose 5*m - 10 = l, 0*l + 4*l + 4*m = n. Suppose 2*h - 126 = -l*f, 0 = h + h + 3*f - 118. Is h a prime number?
True
Let x(m) = -m + 5. Suppose -2*i = 5*f + 8, -1 + 9 = -f - 2*i. Let q be x(f). Suppose 329 = -4*d + q*d + 2*r, 2*d - 2*r - 682 = 0. Is d composite?
False
Let c(h) = h**2 - 13*h - 11. Let r be c(14). Is (-5)/(20/16) - (-798 - r) a prime number?
True
Suppose -5*u - b = 39 + 30, -12 = u + 2*b. Let p = 17 + u. Suppose -p*o + 2*y = -1493, -3*o = -o - 3*y - 992. Is o composite?
False
Let b = -56 - -66. Suppose -b*p + 8595 = -p. Is p a composite number?
True
Suppose 43*v = 39*v + 196. Suppose -1609 = -5*x + 2*d, -x + v = 5*d - 262. Is x a prime number?
False
Let c = -136 - -1451. Suppose -3*g = 4*j - c - 2284, j - 900 = -g. Is j a prime number?
False
Is 0/(-5) - 765/(-9) composite?
True
Is (-5)/25 + 12279*(-4)/(-30) composite?
False
Let b(n) = 9*n**2 + 13*n + 7. Let f(y) = -18*y**2 - 25*y - 13. Let i(o) = -11*b(o) - 6*f(o). Is i(-5) a prime number?
True
Let o(y) = y**3 - 4*y**2 + 3*y + 2. Let r be o(3). Suppose 0 = -b + 3*t + 15, 9*t - 4*t + 26 = r*b. Suppose -2*l - 217 = -i, b*i = -0*i - l + 623. Is i prime?
False
Suppose 18*l - 90378 = -22212. Is l prime?
False
Let f be (3*1594/12)/((-1)/(-2)). Is ((f + 0)/(-1))/(-1) a composite number?
False
Suppose 5*t + 2*d = -0*d + 25547, 2*t - 4*d - 10238 = 0. Is t composite?
True
Is (73 - 68)*4322/10 a prime number?
True
Suppose 109 = -3*s - 35. Let l(c) = -485*c**3. Let a be l(1). Let h = s - a. Is h a composite number?
True
Suppose 20*w - 4 = 18*w. Suppose -3*c = 2*q - 1205, 5*q + 0*q = w*c - 797. Is c prime?
True
Let j(p) = 6*p**2 - 9*p - p**3 + 2 + 5*p**2 - 4 + 0*p. Let s = 15 - 8. Is j(s) composite?
False
Let p(k) = -k**3 + k**2 + k. Let n(i) = 3*i**3 - 2*i**2 - 3*i + 947. Let x(u) = n(u) + 2*p(u). Is x(0) prime?
True
Let z be 34/10 - 4/10. Suppose 9 = -3*m, -z*m + 96 = 2*k + 347. Is (k/(-4))/((-1)/(-4)) prime?
False
Let u(f) = 81*f**3 - 5*f**2 + 6*f - 5. Let o(i) = -324*i**3 + 20*i**2 - 25*i + 20. Let a(l) = 2*o(l) + 9*u(l). Is a(3) composite?
True
Let d be -648*(1 - (-1 - (-33)/12)). Suppose 291 = 3*r - d. Is r prime?
False
Is (8 + (-153783)/7)/(-2 - -1) a composite number?
False
Let r = -5 - -290. Let w = r - 152. Is w a composite number?
True
Let o(t) = 2 + t**2 + 4*t**2 + 0*t**2 - 2*t. Let m be o(2). Suppose -d = -19 - m. Is d a prime number?
True
Let i(s) = -3*s**3 + 2*s**3 + 6*s + 68*s**2 + 16 - 11*s - 80*s**2. Is i(-15) composite?
True
Suppose -4*u + 55 = -0*u + n, -5*u = 5*n - 80. Suppose u*l - 8*l = 0. Suppose l = -2*y - 8, 3*m + 4*y + 41 = 826. Is m a composite number?
True
Is 3 + 20/6*(-3000)/(-4) prime?
True
Suppose 2*c - 10*c + 152 = 0. Let z(h) = h**3 - 19*h**2 + h - 21. Let s be z(c). Is (409/(-2))/(s/4) composite?
False
Let s = -1008 - -1501. Is s a composite number?
True
Let d(c) = 6*c**2 + 4*c + 1. Let t be d(-4). Let w = t + 272. Is w prime?
True
Is (71042/12)/(164/984) a prime number?
True
Let o = 32632 + -15063. Is o prime?
True
Suppose 0*j + 20820 = 20*j. Is j a prime number?
False
Let r(y) = 62*y + 7. Let h = 77 - 65. Is r(h) a composite number?
False
Let t(k) = -k**3 - 8*k**2 - 6*k + 7. Let f be t(-5). Let p = -18 - f. Suppose g + p = 85. Is g a composite number?
True
Let a(d) = 13*d**2 - 25*d - 73. Is a(-20) composite?
True
Suppose 4050313 = 86*r - 5027073. Is r prime?
False
Suppose i = -239 - 382. Let v = 874 + i. Is v composite?
True
Suppose -4*s - 2*o + 458 = 0, -3*s - 229 = o - 571. Is s prime?
True
Suppose -3*w = 3*g + g + 4, -5*w = -3*g - 32. Is (-4179)/14*g/6 composite?
False
Suppose -3 = -6*x + 15. Suppose -5*p = -x*q - 571, -3*p - 2*q + 448 = p. Is p composite?
False
Suppose 19*h = 6*h + 16*h. Suppose 5*j - 10*j + 3845 = h. Is j composite?
False
Suppose 0 = -7*a + 124408 - 29411. Is a prime?
False
Let p(n) = -13*n**2 - 17*n + 0*n**3 - 9*n**3 + 7*n**3 - 29 + 0*n**3. Is p(-10) prime?
False
Let h(q) = 3*q**3 + q. Let y be h(1). Suppose 0 = 3*g - y*g + 2. Suppose 3*f - 43 = g*f. Is f prime?
True
Is 1696968/48 - 3/6 a prime number?
True
Suppose -20 = -2*r - 3*r. Suppose 5*z - 3362 = 4*w, -r*z - 3*w = -w - 2700. Suppose 5*p = -3*b + z - 33, 5*p - 625 = 5*b. Is p prime?
True
Suppose 35*a - 7388 = 31*a. Is a prime?
True
Is (9 + -10)*1*-15845 prime?
False
Let x = 92 + 203. Suppose -5*n + 6300 - x = 0. Is n composite?
False
Suppose x - 8 = 3812. Suppose 0 = -4*c + 4*f + x, -2*c = -3*f - 2134 + 222. Is c a composite number?
False
Let f(p) = 65*p**2 + 5*p - 19. Is f(3) prime?
False
Let o(l) = 6*l - 21. Let h be o(4). Suppose -x = -h*w - 628, -674 - 584 = -2*x + 4*w. Is x a prime number?
True
Suppose 23429 = 12*r + 3617. Is r prime?
False
Suppose 2*j = -4*l + 34746, -13*l + 10 = -18*l. Is j prime?
True
Let y(x) = 131*x**2 + 2*x. Let n(h) = 130*h**2 + 2*h + 1. Let r(a) = 5*n(a) - 4*y(a). Is r(-2) a composite number?
True
Let w(r) = -r**2 + 4*r - 3. Let m be w(3). Suppose 2*h - 23 = -b + 5*h, -2*b + h = -21. Suppose -5*u = -x + 111, 0 = -4*u - m*u + b. Is x a composite number?
True
Suppose 10*q - 14487 = 42203. Is q composite?
False
Let t(s) = 4031*s**3 + 2*s**2 - 6*s + 7. Is t(2) a composite number?
False
Suppose 5*n = 3*j - 1575, 3*n + 288 = j - 233. Suppose 0 = -24*t + 29*t - j. Let z = t - 29. Is z prime?
False
Let l(m) = 3*m**2 - 14*m + 8. Let i(v) be the second derivative of -v**4/12 + v**3/6 + v**2/2 - 4*v. Let j(x) = -2*i(x) - l(x). Is j(5) prime?
False
Is -2 - 20/(-12) - (-64340)/6 composite?
False
Let o = 4330 - 1193. Is o composite?
False
Suppose -28904 = -3*b - 2681. Is b a prime number?
True
Let q(b) = b + 2. Let z(g) = g + 1. Let r be z(-3). Let s be q(r). Suppose -u + 4 = s, 2*w + u - 82 - 76 = 0. Is w a prime number?
False
Let p = -1515 - -2994. Let u(d) = 9*d**2 - 7*d - 2. Let h be u(-6). Suppose p = 5*r + h. Is r a composite number?
False
Let n = -230 + 439. Suppose -3*o + 0*o + n = -4*g, 4*o + 2*g - 286 = 0. Is o a prime number?
True
Suppose -3*i + u + 148 = 0, 0 = u - 0*u + 1. Suppose -4*b + i = -171. Is b a composite number?
True
Let c = 3374 - 1221. Is c a prime number?
True
Suppose 0 = -3*p + 9 + 3. Suppose 0 = 4*a - 2*j - 0*j + 16, 0 = a + p*j + 13. Is 415 - a/((-5)/(-4)) prime?
True
Let v(f) = 2*f**2 -